{"id":401,"date":"2024-11-08T04:21:30","date_gmt":"2024-11-08T04:21:30","guid":{"rendered":"https:\/\/dikens.com.co\/?post_type=product&#038;p=401"},"modified":"2025-03-05T02:51:11","modified_gmt":"2025-03-05T02:51:11","slug":"mug-opalizado","status":"publish","type":"product","link":"https:\/\/dikens.com.co\/index.php\/producto\/mug-opalizado\/","title":{"rendered":"Mug Opalizado Oreja Coraz\u00f3n"},"content":{"rendered":"<p><strong>\u00a1T\u00fa Eliges El Dise\u00f1o!<\/strong><\/p>\n<p>Dise\u00f1amos y producimos cada mug con especial cuidado, adapt\u00e1ndonos a tus gustos y necesidades.<\/p>\n<p><strong>Recuerda:<\/strong>\u00a0Una vez realizada la compra y realizado el pago, ponte en contacto con nosotros para conocer tu idea y realizar el dise\u00f1o.<\/p>\n<ul>\n<li><strong>Tipo de estampado:<\/strong> Sublimaci\u00f3n.<\/li>\n<li><strong>Material:<\/strong> Cristal.<\/li>\n<li><strong>Capacidad:<\/strong> 11 onzas.<\/li>\n<li><strong>Tiempo de Entrega:<\/strong>\u00a03 \u2013 4 D\u00edas H\u00e1biles.<\/li>\n<\/ul>\n<p><span style=\"color: #00ccff;\"><strong>Cada Mug Incluye Caja Decorativa.<\/strong><\/span><\/p>\n<p><span style=\"color: #f51d89;\"><strong>\u00a1PRECIOS AL POR MAYOR, A PARTIR DE 3 UNIDADES!<\/strong><\/span><\/p>\n<p>\u00a1Haz tu pedido hoy y lleva contigo una pieza exclusiva dise\u00f1ada solo para ti!<\/p>\n","protected":false},"excerpt":{"rendered":"<p>\u00a1T\u00fa Eliges El Dise\u00f1o! Dise\u00f1amos y producimos cada mug con especial cuidado, adapt\u00e1ndonos a tus gustos y necesidades. Recuerda:\u00a0Una vez [&hellip;]<\/p>\n","protected":false},"featured_media":701,"comment_status":"open","ping_status":"closed","template":"","meta":{"_uag_custom_page_level_css":"","site-sidebar-layout":"default","site-content-layout":"","ast-site-content-layout":"default","site-content-style":"default","site-sidebar-style":"default","ast-global-header-display":"","ast-banner-title-visibility":"","ast-main-header-display":"","ast-hfb-above-header-display":"","ast-hfb-below-header-display":"","ast-hfb-mobile-header-display":"","site-post-title":"","ast-breadcrumbs-content":"","ast-featured-img":"","footer-sml-layout":"","theme-transparent-header-meta":"default","adv-header-id-meta":"","stick-header-meta":"","header-above-stick-meta":"","header-main-stick-meta":"","header-below-stick-meta":"","astra-migrate-meta-layouts":"set","ast-page-background-enabled":"default","ast-page-background-meta":{"desktop":{"background-color":"var(--ast-global-color-4)","background-image":"","background-repeat":"repeat","background-position":"center center","background-size":"auto","background-attachment":"scroll","background-type":"","background-media":"","overlay-type":"","overlay-color":"","overlay-opacity":"","overlay-gradient":""},"tablet":{"background-color":"","background-image":"","background-repeat":"repeat","background-position":"center center","background-size":"auto","background-attachment":"scroll","background-type":"","background-media":"","overlay-type":"","overlay-color":"","overlay-opacity":"","overlay-gradient":""},"mobile":{"background-color":"","background-image":"","background-repeat":"repeat","background-position":"center center","background-size":"auto","background-attachment":"scroll","background-type":"","background-media":"","overlay-type":"","overlay-color":"","overlay-opacity":"","overlay-gradient":""}},"ast-content-background-meta":{"desktop":{"background-color":"var(--ast-global-color-5)","background-image":"","background-repeat":"repeat","background-position":"center center","background-size":"auto","background-attachment":"scroll","background-type":"","background-media":"","overlay-type":"","overlay-color":"","overlay-opacity":"","overlay-gradient":""},"tablet":{"background-color":"var(--ast-global-color-5)","background-image":"","background-repeat":"repeat","background-position":"center center","background-size":"auto","background-attachment":"scroll","background-type":"","background-media":"","overlay-type":"","overlay-color":"","overlay-opacity":"","overlay-gradient":""},"mobile":{"background-color":"var(--ast-global-color-5)","background-image":"","background-repeat":"repeat","background-position":"center center","background-size":"auto","background-attachment":"scroll","background-type":"","background-media":"","overlay-type":"","overlay-color":"","overlay-opacity":"","overlay-gradient":""}},"_joinchat":[]},"product_brand":[],"product_cat":[50],"product_tag":[],"class_list":{"0":"post-401","1":"product","2":"type-product","3":"status-publish","4":"has-post-thumbnail","6":"product_cat-mugs","7":"pa_color-azul","8":"pa_color-fucsia","9":"pa_color-naranja","10":"pa_color-rojo","11":"pa_color-verde","12":"pa_color-verde-oscuro","13":"desktop-align-left","14":"tablet-align-left","15":"mobile-align-left","17":"first","18":"instock","19":"taxable","20":"shipping-taxable","21":"purchasable","22":"product-type-variable"},"uagb_featured_image_src":{"full":["https:\/\/dikens.com.co\/wp-content\/uploads\/2024\/11\/1-9.jpg",1080,1080,false],"thumbnail":["https:\/\/dikens.com.co\/wp-content\/uploads\/2024\/11\/1-9-150x150.jpg",150,150,true],"medium":["https:\/\/dikens.com.co\/wp-content\/uploads\/2024\/11\/1-9-300x300.jpg",300,300,true],"medium_large":["https:\/\/dikens.com.co\/wp-content\/uploads\/2024\/11\/1-9-768x768.jpg",768,768,true],"large":["https:\/\/dikens.com.co\/wp-content\/uploads\/2024\/11\/1-9-1024x1024.jpg",1024,1024,true],"1536x1536":["https:\/\/dikens.com.co\/wp-content\/uploads\/2024\/11\/1-9.jpg",1080,1080,false],"2048x2048":["https:\/\/dikens.com.co\/wp-content\/uploads\/2024\/11\/1-9.jpg",1080,1080,false],"woocommerce_thumbnail":["https:\/\/dikens.com.co\/wp-content\/uploads\/2024\/11\/1-9-300x300.jpg",300,300,true],"woocommerce_single":["https:\/\/dikens.com.co\/wp-content\/uploads\/2024\/11\/1-9-600x600.jpg",600,600,true],"woocommerce_gallery_thumbnail":["https:\/\/dikens.com.co\/wp-content\/uploads\/2024\/11\/1-9-100x100.jpg",100,100,true],"variation_swatches_image_size":["https:\/\/dikens.com.co\/wp-content\/uploads\/2024\/11\/1-9-50x50.jpg",50,50,true],"variation_swatches_tooltip_size":["https:\/\/dikens.com.co\/wp-content\/uploads\/2024\/11\/1-9-100x100.jpg",100,100,true]},"uagb_author_info":{"display_name":"admin","author_link":"https:\/\/dikens.com.co\/index.php\/author\/"},"uagb_comment_info":0,"uagb_excerpt":"\u00a1T\u00fa Eliges El Dise\u00f1o! Dise\u00f1amos y producimos cada mug con especial cuidado, adapt\u00e1ndonos a tus gustos y necesidades. Recuerda:\u00a0Una vez [&hellip;]","_links":{"self":[{"href":"https:\/\/dikens.com.co\/index.php\/wp-json\/wp\/v2\/product\/401","targetHints":{"allow":["GET"]}}],"collection":[{"href":"https:\/\/dikens.com.co\/index.php\/wp-json\/wp\/v2\/product"}],"about":[{"href":"https:\/\/dikens.com.co\/index.php\/wp-json\/wp\/v2\/types\/product"}],"replies":[{"embeddable":true,"href":"https:\/\/dikens.com.co\/index.php\/wp-json\/wp\/v2\/comments?post=401"}],"wp:featuredmedia":[{"embeddable":true,"href":"https:\/\/dikens.com.co\/index.php\/wp-json\/wp\/v2\/media\/701"}],"wp:attachment":[{"href":"https:\/\/dikens.com.co\/index.php\/wp-json\/wp\/v2\/media?parent=401"}],"wp:term":[{"taxonomy":"product_brand","embeddable":true,"href":"https:\/\/dikens.com.co\/index.php\/wp-json\/wp\/v2\/product_brand?post=401"},{"taxonomy":"product_cat","embeddable":true,"href":"https:\/\/dikens.com.co\/index.php\/wp-json\/wp\/v2\/product_cat?post=401"},{"taxonomy":"product_tag","embeddable":true,"href":"https:\/\/dikens.com.co\/index.php\/wp-json\/wp\/v2\/product_tag?post=401"}],"curies":[{"name":"wp","href":"https:\/\/api.w.org\/{rel}","templated":true}]}}